. List the prime factors of q.
13, 109
Let r(f) = f**3 + 3*f**2 - 23*f - 25. Let a be r(-6). Suppose 0 = -4*c - 0*w - 5*w + 3311, 3*w = -a*c + 4155. What are the prime factors of c?
2, 3, 139
Let x = -179 + -321. Let b = x + 746. List the prime factors of b.
2, 3, 41
What are the prime factors of ((-54498)/9)/(-1) + 2 + 20/(-15)?
2, 757
Let o(z) = z**2 - 10*z - 49. Let v be o(15). Suppose q + 4 = 2*q - 4*j, j = -2*q + v. Suppose u - 2*u = 5*r - q, 3*r = -u + 8. What are the prime factors of r?
2
Let o be ((-166)/(-8))/((-3)/(-12)). Let a = -50 + o. Let j = a - -61. What are the prime factors of j?
2, 47
Suppose 231*b + 888 = 237*b. Suppose 4*c + i = 1768, c - b = 4*i + 277. What are the prime factors of c?
3, 7
Let j = -5373 + 10508. What are the prime factors of j?
5, 13, 79
What are the prime factors of (-898)/2245 - (0 + 2 + 1046235/(-25))?
3, 13, 29, 37
Let w(s) = -3*s**3 + 17*s**2 + 8*s - 4. Let n be w(6). Suppose n*q - 9588 = -4*q. What are the prime factors of q?
17, 47
Let z(i) = 853*i - 12. Let s be z(12). Suppose 12*y = s - 1284. List the prime factors of y.
5, 149
Let o(b) = -54 + 36*b + 58*b + 11*b - 18. List the prime factors of o(6).
2, 3, 31
Let v(x) = x**3 - 5*x**2 + 6*x. Let m be v(5). Suppose 34*o - m*o - 296 = 0. Suppose -a - 3*t + 36 = 0, 4*a + 4*t = o + 70. List the prime factors of a.
2, 3
What are the prime factors of ((-4)/3)/((-24)/1422)*350?
2, 5, 7, 79
Suppose 7*i = 78 + 27. Suppose i = -3*c - v + 53, 48 = 4*c + 4*v. Suppose -c*f + 18*f - 30 = 0. What are the prime factors of f?
2, 3
Let m(l) = 2*l**3 + 27*l**2 - 12*l + 30. Let b be m(-14). Let t be b + (12/(-8))/(9/(-60)). Suppose t*x = -0*x + 1848. What are the prime factors of x?
2, 7, 11
Let c = -22913 + 37239. What are the prime factors of c?
2, 13, 19, 29
Let i(z) be the second derivative of 13*z**5/20 + z**4/4 + z**3/6 - 29*z**2/2 - 2*z + 108. What are the prime factors of i(5)?
2, 419
Let q(w) = -26*w + 29. Let y be q(1). What are the prime factors of 41 + 141 + (2*y)/1?
2, 47
Let c be (66/77)/(10/245). Suppose -14*p = -c*p + 3122. What are the prime factors of p?
2, 223
Let m(z) = -43*z + 5. Let p be m(-11). Suppose 0 = 5*b - v - 608, -4*b + v = -4*v - p. What are the prime factors of b?
2, 61
Let l(a) = 53*a**2 + a - 6. Suppose -3*o = 3*r + 24, -2*o + 2 = r - 5*r. What are the prime factors of l(r)?
2, 3, 13
Let m be 9653/35 - (-6 - -3)/15. Suppose -278*z = -m*z - 1198. List the prime factors of z.
599
Let l = -460 - -207. Let c = l - -438. List the prime factors of c.
5, 37
Let o(m) = 40*m - 4. Let g(z) = -z**3 - 6*z**2 - 10*z - 17. Let d be g(-5). Let t be o(d). Let x = t + -223. List the prime factors of x.
3, 31
Suppose 11*c - 10 = 6*c. Suppose -7 = -3*b + c. Suppose 5*u - b*u = 34. List the prime factors of u.
17
Let k = -29 - -33. What are the prime factors of (15/(150/k))/(4/310)?
31
Let u be 672/(-252)*3*34/(-4). Let r = 217 - u. List the prime factors of r.
149
What are the prime factors of ((-46)/(-5) - 8)*(-16680)/(-9)?
2, 139
Suppose 2249 = s + 31*f - 33*f, -2241 = -s + 6*f. What are the prime factors of s?
3, 751
Suppose 3*s - 5*s = -9*t + 86554, 2*t + 5*s - 19207 = 0. What are the prime factors of t?
2, 601
Let p = 8847 + -3966. What are the prime factors of p?
3, 1627
Suppose -14278 = -4*i + 5*z, 5*i + 117*z - 120*z - 17828 = 0. What are the prime factors of i?
2, 13, 137
Suppose -5042 = 3*z + 2*n, -4*n - 261 = 3*z + 4771. Let s = -1077 - z. List the prime factors of s.
607
Suppose 8*k + 5 = 77. Let j be (-3)/k - 848/12. Let u = 121 + j. What are the prime factors of u?
2, 5
Suppose -52884 = -9*s - 5489 + 98549. What are the prime factors of s?
2, 2027
Suppose 5*l + 5*j = 44255, -3*l + 26545 = 7*j - 8*j. List the prime factors of l.
8849
Let n be (-80)/6*(2 - -7) - -3. What are the prime factors of (-1235)/n + -11 + (-2407)/(-9)?
3, 89
Suppose 3*c - 70 = -5*y + 2, 0 = 5*c - 4*y - 120. Suppose 19*a - c*a = -1400. List the prime factors of a.
2, 5, 7
What are the prime factors of 2728 - 96/(10 + -22)?
2, 3, 19
Let s(o) be the first derivative of -5*o**2/2 + 46*o + 46. Let f(l) = -l**3 - 7*l**2 + 11*l + 9. Let i be f(-8). List the prime factors of s(i).
11
What are the prime factors of 19*(-3)/((-27)/4977)?
7, 19, 79
Let b(s) = s**3 + 7*s**2 - 4*s - 28. Let j be b(-7). Let z be j/(-5)*1/2. Suppose 3*m + f = -f + 202, m + 3*f - 58 = z. List the prime factors of m.
2, 5, 7
Suppose -138*w + 1408999 + 235685 = 0. What are the prime factors of w?
2, 59, 101
Suppose 0 = -3*h - 4*w + 20763 + 18335, -39122 = -3*h + 2*w. What are the prime factors of h?
2, 3, 41, 53
Let k = 16992 - 8249. What are the prime factors of k?
7, 1249
Let o(r) = 9*r**2 + 7*r + 9. Let x = -187 - -192. List the prime factors of o(x).
269
Let c = 74 + -70. Suppose c = -j + 4. What are the prime factors of (-15 - j)/(12/(-56))?
2, 5, 7
Suppose 44312 = h - 2*w, -2*h + 5*w = 9*w - 88608. What are the prime factors of h?
2, 11, 19, 53
Let f(c) = -c - 4. Let q be f(9). Let p = q - -15. Suppose 4*b - 138 = -p*t, -81 + 437 = 5*t - b. What are the prime factors of t?
71
Suppose 300 = 4*n - 92. Let j = -169 + n. Let h = j + 122. List the prime factors of h.
3, 17
Let p = 99 - -95. Suppose 2*y - 2 = -5*c + 3, 5*y - 28 = 3*c. Suppose p = 2*s - 5*g, 3*s = 6*s - y*g - 281. List the prime factors of s.
3, 29
Suppose -h + 6*h + 5*s - 130 = 0, -3*h - 5*s = -78. Let v be 27/36 + 5776/64. Let r = v - h. List the prime factors of r.
5, 13
Let f be 67/(-7 + (-75)/(-10)). Let d = 582 + f. What are the prime factors of d?
2, 179
Suppose 992 = -4*t + 19*b + 5711, -5*b - 3604 = -3*t. What are the prime factors of t?
1213
Let g(s) be the second derivative of -s**3/3 + 5*s**2/2 + 24*s. Let l be g(2). What are the prime factors of (-39 + l)/(7/(-14))?
2, 19
What are the prime factors of 35/(70/6628)*20/8*2?
2, 5, 1657
Suppose 54276 = 3*g - 4*u, 244*u - 247*u = 0. List the prime factors of g.
2, 4523
Suppose 33 = 6*c - 3*c. Suppose 504 = c*m - 8*m. List the prime factors of m.
2, 3, 7
Suppose 2*b + 11 = z, 2*z + 2*b = -z + 1. Let h be 18/3 - (3 + -3 + z). List the prime factors of (h - 2)/((-1)/(-11)).
11
Let j(w) = w**2 + 8*w. Let r be j(-13). What are the prime factors of r*(-3 - -1 - (-1340)/100)?
3, 13, 19
Let w be -5*(-7)/(175/30). What are the prime factors of 276 + ((-1 + -4)*-1 - w)?
5, 11
List the prime factors of (21201/(-185))/((-34)/(-20) + -2).
2, 191
Suppose 0 = 7*m - g - 84649 + 15863, -m - 3*g = -9836. What are the prime factors of m?
31, 317
Suppose 195954 = -62*i + 84*i. Suppose i = -11*z + 23647. List the prime factors of z.
2, 5, 67
Let b = 5 - -1. Suppose 4*x + 20 = a, 2*x + b = -a - 4. Suppose 3*d - d - 214 = -4*q, a = q - 2*d - 46. What are the prime factors of q?
2, 13
Let a(j) = j**2 + 16*j - 88. Let k be a(-18). What are the prime factors of (k/65)/(8/(-8900))?
2, 5, 89
Let k(y) be the first derivative of y**4/4 - 4*y**3 + 3*y**2/2 - 29*y + 1. Let i(a) = 789*a - 6300. Let r be i(8). What are the prime factors of k(r)?
7
Suppose -117 = -28*p + 31*p. List the prime factors of ((-13)/p)/((-1)/(-2379)).
13, 61
List the prime factors of 3 + (1/3)/(-15*(-17)/299115).
2, 197
Let h be 11/(198/(-12)) + (-134)/(-3). Suppose -100 - h = 4*u. Let w = -6 - u. List the prime factors of w.
2, 3, 5
Suppose 360*s - 696*s = -355*s + 736782. What are the prime factors of s?
2, 3, 23, 281
Suppose 0 = -4*v + 9*v, -2*z + 448 = -5*v. Let k = z + -206. List the prime factors of k.
2, 3
Suppose 2*y + 2*l = 14 - 2, 3*y - 24 = -5*l. Suppose -u = -y*u + 34. Suppose 15*d - u*d = -28. List the prime factors of d.
2, 7
Let f = 4779 - -2587. What are the prime factors of f?
2, 29, 127
Suppose m = -0*a + 2*a - 36, a + 2*m = 28. Let b be ((-2)/(-3))/(a/30)*-16. What are the prime factors of 59/3*(-13 - b)?
59
Suppose 0 = -7*f + 783 + 505. Suppose -1678 - f = 14*j. Let k = j - -252. List the prime factors of k.
7, 17
Let h(i) = i**3 - 4*i**2 - 4*i. Let u be h(-4). Let x be (-10)/15 + u/(-6). Suppose -x = -2*o + 102. List the prime factors of o.
2, 3, 5
Suppose 0 = 2*p - k - 2*k + 925, 3*p = -3*k - 1350. Let s = p - -806. List the prime factors of s.
3, 13
Suppose -3*n - 14 = -5*r, 2*n + n - 2 = r. Suppose -145 = -n*s - 5*a, -8*s + 4*s + 298 = 2*a. Let b = s + -4. List the prime factors of b.
71
Suppose m = 3*i - 